
240231
In base 10, what is -1134 + 215?
-919
In base 13, what is -2 + -12535?
-12537
In base 2, what is 11110011011111 + -100?
11110011011011
In base 16, what is -17a + 1b?
-15f
In base 8, what is -2 - -3351?
3347
In base 7, what is -5121 + 31?
-5060
In base 4, what is 3 + 11011200?
11011203
In base 4, what is -1030 + 23030?
22000
In base 4, what is -1113 + 23?
-1030
In base 4, what is 313202 + 33?
313301
In base 8, what is -106 + -54674?
-55002
In base 6, what is -3503 - -141?
-3322
In base 7, what is -4 + -6063064?
-6063101
In base 3, what is -10 + 11210211210?
11210211200
In base 7, what is 1646 + 1?
1650
In base 5, what is -20010 - -11?
-14444
In base 16, what is -396 + -144?
-4da
In base 3, what is 101 + 1000001021?
1000001122
In base 7, what is -1 + -1521535?
-1521536
In base 12, what is 17404 - 3?
17401
In base 7, what is 114234 + -344?
113560
In base 14, what is 12a4 + -26?
127c
In base 15, what is -2ee1 - 25?
-3016
In base 9, what is -447 - 60?
-517
In base 10, what is 514 - 2599?
-2085
In base 14, what is -2 - -5840?
583c
In base 16, what is -2ad1 - -e?
-2ac3
In base 3, what is 12111210 + 11?
12111221
In base 2, what is 100 - 1001101100011101100?
-1001101100011101000
In base 16, what is 14 - 1102?
-10ee
In base 5, what is 243 + 4130?
4423
In base 10, what is 484 + -93?
391
In base 7, what is 324614 - -5?
324622
In base 6, what is -25234 - -41?
-25153
In base 8, what is -1345 + -11742?
-13307
In base 12, what is -198995 + -5?
-19899a
In base 10, what is 137517 - -5?
137522
In base 6, what is 10 + 2030?
2040
In base 12, what is -14 - -43b7?
43a3
In base 6, what is -1255 + 142?
-1113
In base 16, what is bf0d - -1d?
bf2a
In base 12, what is 11310 - a?
11302
In base 9, what is -104706 + 1?
-104705
In base 13, what is 7 + 6808?
6812
In base 7, what is -1614 - -30?
-1554
In base 5, what is 12220024 - 10?
12220014
In base 14, what is -5c + -12565?
-125c3
In base 9, what is -2451888 + 5?
-2451883
In base 15, what is 2a + 34c?
377
In base 12, what is -1 + 19362?
19361
In base 10, what is 10189 + 18?
10207
In base 8, what is 367141 - -4?
367145
In base 15, what is 194 - -257?
3eb
In base 15, what is -3804 - -40?
-37b4
In base 12, what is 3 + 6284?
6287
In base 14, what is -1c95 + 3?
-1c92
In base 11, what is -35 - -54a?
515
In base 11, what is 1 + -5300?
-52aa
In base 16, what is 1388aa - 1?
1388a9
In base 3, what is -1120221011 + -1?
-1120221012
In base 14, what is 0 - -30bc3?
30bc3
In base 14, what is -4a + 1204?
1198
In base 13, what is 8a - -5c03?
5c90
In base 4, what is 122 - -10120?
10302
In base 13, what is -1 + 2ab?
2aa
In base 5, what is 202042 - 244?
201243
In base 8, what is 12507 - 121?
12366
In base 2, what is 111001001001 - 11?
111001000110
In base 4, what is 11 + -12020?
-12003
In base 6, what is 1 + 2351002?
2351003
In base 2, what is -1100 - -111101100001?
111101010101
In base 11, what is -7915583 - 2?
-7915585
In base 13, what is -69 - -606?
56a
In base 6, what is 343 - -315531?
320314
In base 12, what is 1b + 119b?
11ba
In base 9, what is 4256467 + -3?
4256464
In base 7, what is 326534 - 3?
326531
In base 15, what is -1038 - -8?
-1030
In base 7, what is -5 + -4405?
-4413
In base 10, what is -56 - -5?
-51
In base 15, what is bc2 - -11?
bd3
In base 3, what is 20100000000 + -10?
20022222220
In base 11, what is 4941 - -66?
49a7
In base 6, what is 4 + -22001353?
-22001345
In base 7, what is -5400 - 25?
-5425
In base 15, what is -3 - -434bc?
434b9
In base 11, what is -858 + -2129?
-2986
In base 13, what is -47c - -2b7?
-195
In base 15, what is 3d + 21?
5e
In base 7, what is 202 + -1113?
-611
In base 2, what is 1000010010111111 + 1?
1000010011000000
In base 9, what is 186 - 1557?
-1361
In base 15, what is 4 + 121d1?
121d5
In base 6, what is 2 + 40534?
40540
In base 6, what is -105531 - 10?
-105541
In base 13, what is 3c8 + 2c?
427
In base 11, what is -3799462 - 4?
-3799466
In base 2, what is 100 + -1011010111000?
-1011010110100
In base 11, what is -666 - 0?
-666
In base 6, what is 30 + 10542?
11012
In base 12, what is 5205b + -5?
52056
In base 4, what is 300102102 + -10?
300102032
In base 4, what is 3311100 + 10132?
3321232
In base 7, what is 3 + -15121?
-15115
In base 8, what is 1 + -3122242?
-3122241
In base 2, what is -110000000001101 + 1?
-110000000001100
In base 16, what is 2c7 - -7?
2ce
In base 16, what is cd - -12be?
138b
In base 13, what is 84b2 + -3?
84ac
In base 6, what is 1134 - 2323?
-1145
In base 4, what is 3220 - -101?
3321
In base 16, what is d - -44a?
457
In base 11, what is -1 + 39770?
3976a
In base 9, what is 500 + 23?
523
In base 5, what is 111434 + 1140?
113124
In base 6, what is -4343 - 43?
-4430
In base 6, what is 33423021 - 1?
33423020
In base 9, what is -5 - -8083?
8077
In base 15, what is 38e - 133?
25b
In base 8, what is -33 - 403634?
-403667
In base 9, what is -185 + 1828?
1633
In base 3, what is -2200001211 + 1?
-2200001210
In base 12, what is -11 + 2750?
273b
In base 8, what is 44 - -137476?
137542
In base 16, what is -48 - -1c6f?
1c27
In base 3, what is -11111021 + -12?
-11111110
In base 3, what is 100211000 + 12?
100211012
In base 10, what is 1152106 + -4?
1152102
In base 9, what is -3386 + 851?
-2435
In base 15, what is -9d4 + 24d?
-786
In base 14, what is -6a - 293?
-31d
In base 5, what is -3 + 411300?
411242
In base 9, what is -21634 + 8?
-21625
In base 2, what is 10111 - 1101000111011110?
-1101000111000111
In base 8, what is -323 + 322?
-1
In base 7, what is -3 - 1346552?
-1346555
In base 7, what is 1065 - 145?
620
In base 16, what is 11 - 167d?
-166c
In base 5, what is -44 + 4244200?
4244101
In base 4, what is -12 + 1000311?
1000233
In base 6, what is 10151 - -150?
10341
In base 13, what is 0 + 16ac0?
16ac0
In base 2, what is -1101000011 - -111110010?
-101010001
In base 12, what is 3 + aa75?
aa78
In base 2, what is 1101 - -10000111100?
10001001001
In base 13, what is -c3 - 1bc?
-2b2
In base 9, what is 5 + -2007?
-2002
In base 5, what is -4 + -111144?
-111203
In base 15, what is -93 + 17e?
db
In base 2, what is -10011010101 + 1110010010?
-101000011
In base 12, what is 35 - -1299?
1312
In base 3, what is -221102112 - 121?
-221110010
In base 8, what is -1756314 - 0?
-1756314
In base 13, what is 25cc - 0?
25cc
In base 9, what is -1735 - 584?
-2430
In base 8, what is -27 + -1037265?
-1037314
In base 12, what is 4 - -427a?
4282
In base 8, what is -255 + 1436?
1161
In base 12, what is -1b482 - -1?
-1b481
In base 10, what is -2782 + 24?
-2758
In base 7, what is -12210 + 510?
-11400
In base 4, what is -1112 - 2201?
-3313
In base 16, what is 1 - 181490?
-18148f
In base 13, what is 25 - -867?
88c
In base 4, what is -3 + -111303231?
-111303300
In base 4, what is 31 - -1032322?
1033013
In base 10, what is -10 + 5651?
5641
In base 4, what is 1013 - -311?
1330
In base 2, what is -1011101101010101001 - -100?
-1011101101010100101
In base 15, what is 1b - 2786?
-276a
In base 9, what is -66856 - 4?
-66861
In base 8, what is 0 - 6154?
-6154
In base 6, what is 4 - -2354314?
2354322
In base 6, what is 1241 + 10120?
11401
In base 7, what is -5 + -113043?
-113051
In base 4, what is -11012030121 - 10?
-11012030131
In base 10, what is -4664 + 5?
-4659
In base 3, what is 0 - 12122012112?
-12122012112
In base 10, what is -9 - 2292?
-2301
In base 11, what is 1 - -6206?
6207
In base 6, what is -2 + -444?
-450
In base 3, what is -10011200 + 2?
-10011121
In base 12, what is -4a - 50?
-9a
In base 6, what is -23 - -4121?
4054
In base 7, what is 3 - 51625?
-51622
In base 16, what is -d66 - 1d?
-d83
In base 15, what is e0ed - 5?
e0e8
In base 3, what is -100020 + -1000112?
-1100202
In base 4, what is 1 - -123231021?
123231022
In base 12, what is -5 + -5241?
-5246
In base 6, what is -141443413 - -2?
-141443411
In base 10, what is 128897 - 6?
128891
In base 16, what is 2d4 - -1f?
2f3
In base 4, what is -10012 + 10222?
210
In base 16, what is a03 + -56?
9ad
In base 15, what is -1 - 943?
-944
In base 12, what is -4 - 7612?
-7616
In base 11, what is -251136 - 0?
-251136
In base 4, what is 201312 - 322?
200330
In base 7, what is -452126 + -5?
-452134
In base 14, what is -8aa2 - -4?
-8a9c
In base 7, what is 1 - 1311?
-1310
In base 13, what is 18 - 29867?
-2984c
In base 3, what is 2 - -210020100111?
210020100120
In base 3, what is -110